i(-7).
0
Let r(w) = -2*w**2 - 321*w - 2716. Calculate r(-9).
11
Let c(m) = m**2 - 20*m + 53. Determine c(17).
2
Let r(y) = y - 175. Calculate r(-8).
-183
Let x(k) = -13*k**3 - 22*k**2 - 12*k - 15. Determine x(-2).
25
Let v(c) = 32*c - 3179. Determine v(93).
-203
Let a(z) = z**3 + 13*z**2 + 34*z + 13. Give a(-10).
-27
Let s(i) = 2*i**2 + 11*i + 9. What is s(-2)?
-5
Let q(t) = t**3 - 59*t**2 - 832*t + 239. Calculate q(-12).
-1
Let v(r) = 3471*r + 138837. What is v(-40)?
-3
Let t(k) = 211*k - 11195. Determine t(53).
-12
Let t(c) = -2*c**3 - 50*c**2 + 51*c + 63. Give t(-26).
89
Let t(h) = -h**2 - 156*h - 156. Give t(-1).
-1
Let h(a) = 95*a + 3574. Determine h(-41).
-321
Let v(m) = -369*m**2 + 2591*m - 62. Determine v(7).
-6
Let s(b) = 158*b + 1874. What is s(-10)?
294
Let b(g) = -261*g**2 - 2350*g - 5. Determine b(-9).
4
Let y(c) = c**2 + 146*c + 1128. Calculate y(-8).
24
Let d(i) = -5*i**3 - 5*i**2 - 4*i + 13. Calculate d(3).
-179
Let j(u) = u**3 + 143*u**2 - 165*u - 3024. Give j(-144).
0
Let c(f) = f**2 - 30*f + 135. What is c(4)?
31
Let i(k) = k**3 + 3*k + 30. Calculate i(0).
30
Let j(x) = -541*x + 3254. Calculate j(6).
8
Let p(h) = 126*h**2 + 6047*h - 64. Give p(-48).
-16
Let a(m) = 50*m - 1561. Determine a(32).
39
Let j(d) = -d**3 - 10*d**2 + 32*d + 371. Calculate j(-7).
0
Let k(c) = -c**2 - 87*c - 264. Calculate k(-3).
-12
Let z(i) = i**2 + 124*i - 4427. What is z(29)?
10
Let k(g) = 8*g + 378. Calculate k(-45).
18
Let y(n) = 43*n - 347. Calculate y(16).
341
Let k(s) = -s**3 + s**2 + 84*s + 25. What is k(0)?
25
Let v(u) = 4*u + 92. Determine v(-16).
28
Let y(o) = o**3 - 10*o**2 + 2*o - 76. What is y(10)?
-56
Let q(x) = -11*x + 81. Calculate q(19).
-128
Let o(z) = 41*z**2 + 327*z - 8. Calculate o(-8).
0
Let w(g) = -4*g**3 + 24*g**2 - 6*g - 3. Calculate w(5).
67
Let y(m) = -m**3 + 122*m**2 - 2425*m + 2. What is y(97)?
2
Let i(y) = -2*y**3 + 126*y**2 - 882*y + 105. Calculate i(55).
-5
Let u(b) = -b**3 + 13*b**2 + 13*b - 68. Calculate u(5).
197
Let t(h) = -h**3 - 36*h**2 + 403*h - 95. Give t(-45).
-5
Let s(m) = m**3 - 84*m**2 + 158*m + 434. Calculate s(82).
-58
Let b(n) = 5076*n - 15203. Determine b(3).
25
Let j(l) = -l**2 - 122*l - 3720. Calculate j(-61).
1
Let c(m) = 10151*m + 10144. Calculate c(-1).
-7
Let z(i) = i**3 - 55*i**2 - 68*i + 713. Give z(56).
41
Let j(u) = u**2 - 50*u - 9. Determine j(50).
-9
Let m(u) = -u**3 - 26*u**2 - 108*u + 18. What is m(-20)?
-222
Let n(o) = 10*o**3 + 3*o**2 - 91*o + 87. Determine n(1).
9
Let g(p) = p**3 - 134*p**2 + 772*p - 523. Give g(128).
-11
Let l(k) = 4*k**2 - 148*k - 3. Determine l(37).
-3
Let z(r) = -7*r + 14. Determine z(2).
0
Let x(n) = 4*n**2 + 270*n + 802. Calculate x(-3).
28
Let d(u) = -13*u**2 + 12*u - 1. What is d(2)?
-29
Let n(h) = -2*h**3 - 46*h**2 - 6*h - 11. Determine n(-23).
127
Let x(c) = -6*c**2 + 57*c + 4. Determine x(9).
31
Let m(o) = -o**3 + 28*o**2 + 2*o - 124. Calculate m(28).
-68
Let r(w) = -2*w**3 + 31*w**2 - 23*w + 112. Determine r(15).
-8
Let t(s) = s**2 + 90*s + 702. Give t(-13).
-299
Let l(y) = 20*y + 304. Determine l(-11).
84
Let n(j) = 14*j - 189. Determine n(11).
-35
Let f(w) = 10*w**2 + 11*w - 64. Determine f(9).
845
Let h(x) = -2*x**3 + 99*x**2 - 63*x + 670. Determine h(49).
-16
Let j(i) = -22*i**2 - 113*i + 121. Calculate j(1).
-14
Let u(o) = -3768*o + 45213. Calculate u(12).
-3
Let a(q) = -q**2 - 45*q - 239. What is a(-10)?
111
Let b(x) = 5*x**2 + 8*x - 123. What is b(-6)?
9
Let b(m) = -5*m**3 - 2*m**2 - 5*m - 4. Give b(3).
-172
Let z(n) = 411*n + 1326. Give z(-5).
-729
Let y(q) = -10*q**2 + 2*q + 149. What is y(7)?
-327
Let p(t) = 3*t - 9. Calculate p(-4).
-21
Let k(h) = h**3 + 33*h**2 + 148*h + 9. Determine k(-6).
93
Let f(z) = -54*z + 1480. Calculate f(27).
22
Let o(i) = 51*i**2 + 49*i - 13. Give o(3).
593
Let b(d) = d**2 - 14*d - 86. Determine b(-5).
9
Let r(w) = -2*w**3 + 429*w**2 + 653*w - 1089. What is r(216)?
-9
Let u(q) = -39*q - 12. Calculate u(-1).
27
Let p(t) = -t**3 - 28*t**2 - 84*t - 198. Give p(-25).
27
Let r(z) = 286*z - 104. Determine r(1).
182
Let y(o) = 9*o**2 + 112*o + 284. Give y(-7).
-59
Let b(z) = 133*z - 88. Determine b(1).
45
Let u(h) = -6*h**3 - 70*h**2 + 19*h - 17. What is u(-12)?
43
Let f(n) = -n**3 + 22*n**2 - 42*n - 149. Give f(4).
-29
Let f(x) = 20*x**3 - 11*x**2 + 16*x - 8. Determine f(3).
481
Let g(t) = t**3 + 21*t**2 - 34*t - 405. Determine g(-22).
-141
Let c(x) = 66*x - 251. Give c(4).
13
Let h(k) = -18*k - 181. Give h(5).
-271
Let y(m) = -360*m + 3267. Determine y(9).
27
Let n(u) = 105*u + 7531. Calculate n(-72).
-29
Let v(m) = 2*m**3 - 16*m**2 - 11*m - 67. Determine v(9).
-4
Let t(q) = -271*q + 9207. Calculate t(34).
-7
Let o(y) = -y**2 - 55*y - 246. Give o(-50).
4
Let r(l) = 5*l**2 - 95*l - 530. Calculate r(-5).
70
Let f(y) = -y**3 - 47*y**2 - 417*y + 29. Give f(-12).
-7
Let x(w) = 3*w**2 + 7*w + 11. Calculate x(-3).
17
Let w(l) = 3*l - 15. What is w(19)?
42
Let k(q) = 158*q + 1423. Calculate k(-9).
1
Let y(h) = h**3 + 8*h**2 + 26*h + 3. Calculate y(-7).
-130
Let p(h) = 476*h + 3279. Calculate p(-7).
-53
Let w(f) = 63*f**2 + 503*f - 13. Give w(-8).
-5
Let s(v) = -2*v**3 - 143*v**2 - 70*v - 20. Determine s(-71).
-91
Let k(g) = -80*g - 1246. Determine k(-16).
34
Let x(l) = -3*l**3 + 86*l**2 + 32*l - 42. What is x(29)?
45
Let p(c) = -7*c**3 + 748*c**2 - 638*c + 165. Calculate p(106).
-47
Let t(k) = 643*k - 3625. What is t(5)?
-410
Let q(c) = -c + 43. Give q(30).
13
Let q(l) = l**3 + 5*l**2 - 9*l + 8. Determine q(-6).
26
Let b(j) = -2*j**2 - 290*j - 574. Give b(-2).
-2
Let v(n) = -30*n - 137. What is v(-5)?
13
Let u(p) = -p**2 - 37*p. Calculate u(-11).
286
Let m(t) = -t**3 - 92*t**2 - 228*t + 3486. Determine m(-89).
15
Let k(b) = -43*b**2 + 1159*b + 52. What is k(27)?
-2
Let f(y) = -10*y**3 + y**2 - 3*y - 12. What is f(-3)?
276
Let u(h) = -610*h + 3661. What is u(6)?
1
Let j(q) = -481*q - 487. What is j(-1)?
-6
Let c(y) = -y**2 + 47*y - 539. Calculate c(24).
13
Let b(j) = -j**3 + 18*j**2 + 114*j + 18. Calculate b(23).
-5
Let d(u) = u**3 - 15*u**2 + 38*u - 35. Determine d(2).
-11
Let w(d) = -2*d**3 - 14*d**2 - 193*d - 867. What is w(-5)?
-2
Let n(f) = 33*f - 503. What is n(14)?
-41
Let s(b) = 26*b**2 - 19*b + 12. What is s(1)?
19
Let g(k) = 6*k - 226. What is g(31)?
-40
Let r(i) = -i**2 + 460*i + 196103. Determine r(-269).
2
Let k(g) = g**3 - 52*g**2 - 121*g + 6308. What is k(52)?
16
Let s(m) = 3*m**3 - 3*m**2 - 20*m - 1. What is s(0)?
-1
Let b(n) = -4*n**2 - 77*n - 411. Calculate b(-10).
-41
Let l(z) = 104*z - 698. What is l(12)?
550
Let f(q) = -365*q + 2541. What is f(7)?
-14
Let s(c) = -2*c**3 - 170*c**2 - c - 127. Give s(-85).
-42
Let v(o) = 1593*o + 7978. Calculate v(-5).
13
Let m(b) = b**2 + b - 91. What is m(0)?
-91
Let u(x) = -3*x**2 + 38*x - 27. Give u(14).
-83
Let k(m) = -2*m**2 - 1309*m + 3926. Determine k(3).
-19
Let y(b) = 19*b**3 - 286*b**2 + 7*b + 126. Calculate y(15).
6
Let r(o) = -o**3 - 274*o**2 + 4639*o - 278. Give r(-290).
12
Let f(h) = -16*h**2 - 1028*h + 1027. Determine f(1).
-17
Let r(t) = 1741*t + 9. Give r(0).
9
Let x(q) = -q**3 + 7*q**2 - 49*q - 31. Calculate x(9).
-634
Let k(z) = -84*z + 708. Calculate k(9).
-48
Let m(t) = 336*t + 4023. Determine m(-12).
-9
Let k(o) = -o**2 - 7*o + 1628. Calculate k(37).
0
Let f(j) = -34*j - 563. Give f(-19).
83
Let l(h) = 2*h**2 + 131*h + 600. What is l(-5)?
-5
Let o(c) = -c**3 + 6*c**2 + 19*c - 39. Give o(6).
75
Let a(i) = -261*i + 1904. What is a(6)?
338
Let t(k) = 118*k - 7983. Calculate t(68).
41
Let b(s) = s**3 + 15*s**2 - 12*s + 260. Calculate b(-16).
196
Let t(l) = 54*l**2 - 125*l + 34. What is t(2)?
0
Let t(x) = -x**2 + 133*x - 3856. Determine t(90).
14
Let i(m) = 6*m**2 + 85*m + 262. Calculate i(-8).
-34
Let f(z) = -334*z + 13012. Determine f(39).
-14
Let j(a) = 3*a**2 + 13*a - 46. Calculate j(7).
192
Let s(t) = -t**3 - 49*t**2 - 286*t - 78. Determine s(-42).
-414
Let y(q) = -4*q + 18. Give y(6).
-6
Let b(l) = -2*l**3 - 77*l**2 - 11*l - 1911. Calculate b(-39).
39
Let l(q) = 43*q**2 + 179*q + 41. What is l(-6)?
515
Let l(w) = 17*w + 344. Calculate l(-39).
-319
Let h(x) = x**2 - 71*x + 448. Calculate h(63).
-56
Let j(o) = 7*o**3 + 505*o**2 + 73*o + 64. Calculate j(-72).
-8
Let b(v) = 159*v + 2367. Determine b(-15).
-18
Let p(d) = -d**3 - 4*d**2 + 8*d + 6. What is p(